-1001210
What is -2122 (base 7) in base 5?
-11001
What is 1111001001011 (base 2) in base 13?
36b7
1002002 (base 3) to base 6
3345
Convert -104613 (base 8) to base 7.
-204441
5432 (base 6) to base 16
4dc
-89 (base 14) to base 12
-a1
Convert 813 (base 16) to base 3.
2211120
6547 (base 8) to base 5
102211
7b69 (base 13) to base 4
10032231
What is 141113 (base 5) in base 13?
282b
Convert -511 (base 10) to base 14.
-287
What is 4d1 (base 14) in base 5?
12332
63453 (base 7) to base 13
7194
What is -23b2 (base 12) in base 11?
-3027
569 (base 10) to base 6
2345
What is 10011010 (base 2) in base 7?
310
What is -3d97 (base 15) in base 7?
-53314
6414 (base 8) to base 11
2567
What is -1167 (base 11) in base 2?
-10111110101
-1895 (base 12) to base 8
-5661
-163246 (base 7) to base 3
-1122102001
What is -11022020211 (base 3) in base 12?
-41064
Convert -6b3 (base 15) to base 11.
-1160
What is -1769 (base 11) in base 9?
-3073
What is 11000 (base 3) in base 11?
99
2527 (base 11) to base 15
e9b
Convert -c03 (base 15) to base 6.
-20303
What is -10011100111 (base 2) in base 13?
-757
Convert -6b (base 13) to base 9.
-108
Convert 140515 (base 6) to base 16.
335f
-7223 (base 8) to base 11
-2892
Convert 1102 (base 3) to base 9.
42
What is 18 (base 14) in base 5?
42
-4ee5 (base 16) to base 15
-5eb7
Convert 400513 (base 6) to base 5.
2000133
311 (base 10) to base 15
15b
What is -13222300 (base 4) in base 6?
-401224
What is -7b02 (base 12) in base 11?
-a309
Convert -2320 (base 9) to base 12.
-bb3
Convert 10020120120 (base 3) to base 10.
63843
What is -11110011 (base 3) in base 10?
-3244
What is 1143 (base 7) in base 13?
267
Convert 1452 (base 7) to base 16.
240
-25882 (base 9) to base 15
-52ae
Convert -10a00 (base 14) to base 12.
-1b448
Convert -66e8 (base 15) to base 16.
-553a
What is a9 (base 12) in base 5?
1004
Convert -1150 (base 7) to base 11.
-359
1000001011 (base 2) to base 7
1345
-5d (base 16) to base 12
-79
Convert -11201120 (base 3) to base 14.
-1380
Convert -2e6 (base 15) to base 2.
-1010011010
What is 8095 (base 10) in base 14?
2d43
100000100000001 (base 2) to base 3
211211100
-6b6 (base 12) to base 7
-2631
-31230 (base 4) to base 14
-468
What is -130102 (base 4) in base 16?
-712
Convert 23644 (base 7) to base 12.
3691
Convert 825 (base 14) to base 8.
3101
What is -776 (base 11) in base 3?
-1021110
-dd6 (base 16) to base 8
-6726
What is 1325 (base 10) in base 5?
20300
Convert 17 (base 15) to base 13.
19
What is 14651 (base 9) in base 15?
2e74
What is 1414 (base 6) in base 10?
370
166055 (base 7) to base 12
1733b
11203 (base 5) to base 14
415
What is 3014 (base 7) in base 14?
544
What is -11d (base 14) in base 3?
-22021
cd4c (base 15) to base 5
2342442
Convert -47096 (base 12) to base 14.
-2696a
Convert -111000001 (base 2) to base 7.
-1211
What is -c17 (base 15) in base 11?
-2055
Convert 44525 (base 7) to base 12.
6608
What is -a83 (base 11) in base 8?
-2425
Convert -160 (base 15) to base 5.
-2230
Convert -250 (base 14) to base 5.
-3322
342 (base 6) to base 9
158
Convert ba8b (base 14) to base 12.
1680b
Convert -1517 (base 10) to base 3.
-2002012
What is 13332 (base 9) in base 8?
21474
1340011 (base 6) to base 12
37607
10111111010 (base 2) to base 15
6c0
What is c73 (base 16) in base 13?
15b2
Convert 1110110010010010 (base 2) to base 3.
10002002001
What is 1533 (base 7) in base 16?
264
Convert 333 (base 15) to base 14.
399
Convert 10517 (base 8) to base 15.
14a6
7300 (base 8) to base 16
ec0
What is 161165 (base 8) in base 10?
57973
4660 (base 15) to base 13
6a53
What is -10011010111111 (base 2) in base 6?
-113531
Convert -103002 (base 4) to base 2.
-10011000010
Convert -2210120 (base 5) to base 12.
-1a100
Convert -32001 (base 4) to base 10.
-897
Convert -16b8 (base 13) to base 9.
-4545
Convert 1393 (base 16) to base 12.
2a97
Convert 1529 (base 13) to base 15.
da2
16355 (base 7) to base 13
2165
Convert -10001000010 (base 2) to base 15.
-4ca
200242 (base 6) to base 7
63425
What is 2da9 (base 14) in base 2?
1111111111001
234 (base 10) to base 7
453
-10011000 (base 2) to base 6
-412
11040 (base 6) to base 15
6c6
Convert 572 (base 8) to base 16.
17a
-626 (base 7) to base 6
-1242
What is -1224 (base 7) in base 10?
-459
Convert -35003 (base 6) to base 8.
-11553
Convert 1202412 (base 5) to base 10.
22232
-27084 (base 10) to base 8
-64714
Convert 15314 (base 7) to base 11.
3236
Convert 4135 (base 7) to base 15.
667
b79 (base 14) to base 11
1778
Convert -20021 (base 5) to base 9.
-1651
2270 (base 10) to base 2
100011011110
3123243 (base 5) to base 12
25b02
What is 32440 (base 7) in base 15?
260d
Convert -200021 (base 3) to base 2.
-111101101
What is -364 (base 9) in base 3?
-102011
Convert 241521 (base 6) to base 5.
1134040
-1208 (base 16) to base 9
-6288
What is -16110 (base 7) in base 14?
-1907
-3a8 (base 12) to base 14
-2c0
Convert 142313 (base 5) to base 7.
23241
-5269 (base 13) to base 12
-672a
What is 11863 (base 10) in base 2?
10111001010111
-155a (base 12) to base 8
-4726
Convert 1001 (base 16) to base 6.
30545
What is 51223 (base 8) in base 12?
10297
What is -406 (base 8) in base 16?
-106
Convert -100101010111001 (base 2) to base 14.
-6d85
Convert -121100002 (base 3) to base 14.
-44a9
What is 4234 (base 6) in base 10?
958
What is 365 (base 8) in base 5?
1440
Convert 1470 (base 8) to base 2.
1100111000
-5062 (base 8) to base 2
-101000110010
-3160 (base 7) to base 15
-4ea
Convert 320605 (base 7) to base 2.
1101100011100010
What is 2220 (base 11) in base 16?
b6e
What is 449 (base 13) in base 6?
3225
1da (base 14) to base 16
184
-13050 (base 7) to base 16
-d89
Convert -139a (base 13) to base 3.
-10212212
-5374 (base 8) to base 12
-1764
Convert -1222401 (base 5) to base 3.
-1012012111
Convert 1311 (base 6) to base 9.
407
Convert 16291 (base 12) to base 15.
9501
-7b8 (base 12) to base 5
-14043
Convert 231321 (base 4) to base 5.
43222
Convert -285 (base 10) to base 9.
-346
What is 975 (base 12) in base 8?
2551
Convert 3130 (base 6) to base 3.
222000
5210 (base 7) to base 10
1820
Convert -402 (base 9) to base 6.
-1302
What is -1000001101001000 (base 2) in base 15?
-9e58
-4277 (base 8) to base 14
-b5d
What is -3e2 (base 15) in base 10?
-887
What is b84 (base 16) in base 10?
2948
What is -2011210 (base 3) in base 14?
-815
What is -230c5 (base 13) in base 10?
-63874
What is 7a76 (base 12) in base 11?
a268
What is -211000 (base 3) in base 2?
-1001010010
-2b23 (base 12) to base 2
-1001111001011
1001000011101101 (base 2) to base 7
213111
What is 4300 (base 5) in base 13?
353
What is -1620 (base 11) in base 9?
-2760
22344 (base 5) to base 10
1599
-12002 (base 3) to base 12
-b5
113052 (base 6) to base 9
14335
1162 (base 10) to base 5
14122
-6a1 (base 15) to base 14
-793
122432 (base 6) to base 8
25324
What is 345 (base 15) in base 4?
23210
What is -319 (base 16) in base 3?
-1002101
-20b5 (base 14) to base 7
-22315
What is -6b90 (base 12) in base 9?
-17480
Convert 6766 (base 9) to base 12.
2a89
Convert -12231 (base 6) to base 8.
-3433
Convert e87 (base 15) to base 12.
1a91
Convert 10313 (base 9) to base 14.
26ac
333301 (base 4) to base 6
30521
Convert -14816 (base 10) to base 15.
-45cb
542403 (base 6) to base 14
123ab
Convert 11323 (base 5) to base 3.
1011001
What is -333110 (base 4) in base 14?
-1696
What is -337 (base 9) in base 13?
-184
-875a (base 11) to base 8
-26450
What is -20972 (base 10) in base 9?
-31682
-300412 (base 5) to base 6
-111522
132244 (base 5) to base 11
4000
261 (base 14) to base 16
1dd
78 (base 16) to base 11
aa
What is 2212 (base 4) in base 8?
246
What is -220321 (base 4) in base 13?
-1264
What is 465 (base 9) in base 11?
319
Convert 12302 (base 4) to base 5.
3214
Convert 2576 (base 8) to base 9.
1832
-10001000101100 (base 2) to base 13
-3c9c
Convert -3627 (base 9) to base 13.
-12c7
What is 145155 (base 6) in base 10?
14111
342a (base 16) to base 3
200022121
What is -64664 (base 8) in base 3?
-1101010020
-2463 (base 8) to base 5
-20311
What is 451b (base 15) in base 9?
22078
-12746 (base 8) to base 12
-32b2
-1279 (base 16) to base 15
-1604
What is 19807 (base 10) in base 6?
231411
-644 (base 12) to base 9
-1227
Convert -114d (base 15) to base 8.
-7131
-3012 (base 7) to base 16
-40e
What is 1245a (base 11) in base 3?
220111012
What is 1487 (base 9) i